**3 - b**2 - 2*b - 17. What is g(-3)?
-101
Let f(y) = y**3 + 33*y**2 - 5*y - 139. What is f(-33)?
26
Let l(b) = -2*b**3 - 76*b**2 + 77*b - 107. Calculate l(-39).
-68
Let j(i) = 5*i - 291. Calculate j(59).
4
Let m(a) = -a**2 - 25*a + 35. Determine m(-11).
189
Let s(r) = -2*r + 172. Determine s(86).
0
Let f(a) = 28*a**2 - 21*a - 22. Determine f(-1).
27
Let v(t) = 4*t**2 + 231*t - 286. Give v(-59).
9
Let w(s) = 3*s**3 - 102*s**2 - 37. Calculate w(34).
-37
Let a(u) = u**3 - 5*u**2 + 11*u + 6. Determine a(7).
181
Let a(t) = -t**3 - 3*t**2 + 27*t + 1. Determine a(5).
-64
Let q(w) = -w**3 + 9*w**2 + w + 35. Give q(10).
-55
Let y(t) = -2991*t - 38880. Determine y(-13).
3
Let m(k) = k**2 - 7*k - 83. Give m(17).
87
Let k(i) = i**3 + 4*i**2 + 2*i - 9. Calculate k(-4).
-17
Let x(w) = w**3 - 33*w**2 + 22*w + 314. What is x(32)?
-6
Let j(v) = -4*v**2 + 17*v - 18. Determine j(1).
-5
Let x(z) = -z**3 + 70*z**2 + 623*z + 81. Calculate x(78).
3
Let r(n) = -24*n**2 - 134*n + 56. Calculate r(-6).
-4
Let p(g) = g**2 + 82*g + 300. Calculate p(-4).
-12
Let r(m) = m**3 + 39*m**2 + 243*m - 5. Determine r(-8).
35
Let k(w) = -2*w**3 - 18*w**2 - 8*w + 74. Determine k(-8).
10
Let f(l) = -4*l**2 + 1560*l - 3123. What is f(2)?
-19
Let f(r) = 2*r**3 - 21*r**2 - 68*r + 34. Calculate f(13).
-5
Let l(a) = -a**2 - 6*a. What is l(-17)?
-187
Let w(f) = f**2 + 29*f + 102. Calculate w(-15).
-108
Let n(z) = 50*z + 382. What is n(-10)?
-118
Let t(m) = -3*m + 3. Calculate t(-24).
75
Let v(r) = -3673*r + 47757. What is v(13)?
8
Let z(y) = 15*y**2 - 975*y + 982. Calculate z(64).
22
Let o(r) = r**3 - 16*r**2 + 11*r - 479. What is o(17)?
-3
Let y(x) = -x**2 - 17*x + 17. Give y(0).
17
Let a(x) = 3*x**3 + 15*x**2 - 50*x - 5. Determine a(-7).
51
Let z(h) = -281*h - 1984. Calculate z(-7).
-17
Let d(g) = g**2 - 27*g + 230. What is d(19)?
78
Let q(x) = 4*x**2 - 176*x + 488. What is q(42)?
152
Let g(z) = -2*z**2 - 18*z + 33. Determine g(6).
-147
Let i(w) = -w**3 - 32*w**2 - 114*w - 60. What is i(-28)?
-4
Let o(j) = 2*j**3 - 9*j**2 + 35*j - 82. Calculate o(6).
236
Let h(o) = 4*o**2 + 1506*o - 10744. Give h(7).
-6
Let b(q) = 15*q**2 + 267*q - 48. Determine b(-18).
6
Let d(w) = -w**2 - 43*w - 26. Calculate d(-8).
254
Let q(x) = 6*x**3 - 2*x**2 + 3*x - 4. Give q(2).
42
Let t(h) = -2*h**3 - 5*h**2 + 67*h + 36. Calculate t(-7).
8
Let t(b) = 2*b**2 - 55*b + 83. Calculate t(26).
5
Let y(a) = 19*a + 158. Give y(-25).
-317
Let q(p) = p**3 - 26*p**2 + 95*p - 2548. What is q(26)?
-78
Let h(b) = -84*b + 85. Give h(1).
1
Let d(u) = -3*u**3 - 75*u**2 + 37*u - 1092. Give d(-26).
-26
Let f(y) = 8*y**3 + 73*y**2 + 11*y + 35. Calculate f(-9).
17
Let n(a) = -a**2 - 49*a - 470. Calculate n(-36).
-2
Let b(o) = -13*o**2 - 205*o + 53. Determine b(-16).
5
Let r(x) = -1655*x + 11631. What is r(7)?
46
Let r(g) = g**3 + 3*g**2 + 6*g - 6. What is r(2)?
26
Let s(c) = -178*c - 136. Calculate s(5).
-1026
Let t(z) = -20*z + 501. What is t(23)?
41
Let h(u) = 79*u - 984. Give h(16).
280
Let u(t) = -4*t**3 + 102*t**2 - 52*t + 51. Give u(25).
1
Let p(b) = -2*b**2 + 76*b + 528. Determine p(44).
0
Let q(f) = 76*f + 330. What is q(-3)?
102
Let m(k) = 15*k**2 - 78*k - 4. What is m(5)?
-19
Let a(l) = 11*l - 1182. Give a(103).
-49
Let c(q) = q**3 + 35*q**2 - 5*q - 3. Give c(-35).
172
Let m(p) = -p**3 + 117*p**2 - p + 266. Calculate m(117).
149
Let b(v) = -v**2 - 160*v - 1208. Determine b(-8).
8
Let r(a) = -214*a - 172. Calculate r(-1).
42
Let u(n) = -n**3 + 7*n**2 + 66*n + 4. What is u(8)?
468
Let l(w) = 19*w**2 - 187*w + 14. Calculate l(10).
44
Let n(p) = -10*p**2 + 213*p - 273. Calculate n(20).
-13
Let q(k) = 6*k + 242. Determine q(13).
320
Let b(c) = 1894*c - 5687. Calculate b(3).
-5
Let o(u) = 20*u + 394. What is o(-40)?
-406
Let s(u) = 48*u**2 - 12*u + 17. Give s(2).
185
Let i(n) = n**2 - 23*n - 259. What is i(-8)?
-11
Let o(i) = -4*i**3 - 234*i**2 + 113*i - 258. Give o(-59).
37
Let k(c) = -995*c + 11003. Determine k(11).
58
Let o(f) = -2*f**3 - 11*f**2 + 67. Give o(-7).
214
Let l(d) = d**2 + 3*d - 30. What is l(15)?
240
Let p(b) = -29*b**2 - 3*b. What is p(-3)?
-252
Let g(t) = 308*t - 22515. Determine g(73).
-31
Let l(z) = -4*z**2 + 7*z + 325. Determine l(10).
-5
Let a(o) = 267*o + 582. Determine a(-2).
48
Let w(z) = 2*z**3 + 11*z**2 + 25*z + 95. Determine w(-5).
-5
Let g(f) = -2*f**3 - 27*f**2 + 245*f + 3348. Give g(-13).
-6
Let q(j) = 2*j**2 - 39*j - 225. Give q(-5).
20
Let p(o) = -o**2 - 93*o - 1943. Calculate p(-63).
-53
Let k(i) = -35*i**2 - 3010*i + 8. What is k(-86)?
8
Let h(z) = 228*z + 4076. Calculate h(-18).
-28
Let k(p) = p**2 - 17*p - 4704. Calculate k(78).
54
Let x(z) = -12*z**2 + 853*z + 1743. What is x(73)?
64
Let n(j) = 2*j**2 + 149*j - 59007. Determine n(-213).
-6
Let f(g) = 3*g**2 - 175*g + 175. Calculate f(57).
-53
Let h(s) = s**3 - 57*s**2 - 181*s - 24. What is h(60)?
-84
Let p(q) = -q**2 + 57*q - 571. Calculate p(52).
-311
Let u(o) = 2*o**3 - 7*o**2 - 44*o + 133. Determine u(3).
-8
Let r(g) = 3*g**2 + g - 58. Calculate r(-7).
82
Let v(x) = -61*x + 1172. Give v(19).
13
Let j(s) = -s**3 - 7*s**2 - 25*s + 5. Calculate j(-8).
269
Let k(d) = d**2 - 28*d + 159. Calculate k(5).
44
Let b(q) = q**3 + 12*q**2 - 25*q - 160. Give b(-13).
-4
Let x(u) = -794*u - 234234. Calculate x(-295).
-4
Let a(f) = -355*f + 1388. What is a(4)?
-32
Let l(g) = -g**3 - 6*g**2 + 25*g + 147. Determine l(-5).
-3
Let z(o) = o**3 + 11*o**2 - 42*o + 7. Determine z(-14).
7
Let k(m) = 4*m - 55. Determine k(18).
17
Let a(w) = 35*w + 711. Determine a(-21).
-24
Let u(h) = 2*h**2 - 159*h + 1320. Give u(71).
113
Let t(f) = 140*f - 5339. Give t(38).
-19
Let u(w) = w**3 - 10*w**2 - 46*w + 121. Give u(13).
30
Let n(z) = -9174*z - 36699. Calculate n(-4).
-3
Let k(c) = -c**3 + 23*c**2 + 171*c - 4. What is k(-6)?
14
Let a(t) = -7*t**2 - 107*t + 13. Give a(-16).
-67
Let k(p) = -p**2 + 213*p - 3542. What is k(194)?
144
Let t(h) = h**3 - 9*h**2 + 30*h - 47. Determine t(4).
-7
Let h(i) = i**2 - 132*i - 7248. Give h(-42).
60
Let p(v) = -v**3 + 51*v - 12. What is p(9)?
-282
Let r(g) = -g**2 - 95*g + 1677. Give r(15).
27
Let c(b) = -65*b - 69. Give c(-1).
-4
Let z(m) = m**3 - 9*m**2 + 24*m - 103. Determine z(8).
25
Let f(c) = -20*c**2 - 6*c - 6. Give f(-2).
-74
Let x(g) = 1534*g - 12280. Calculate x(8).
-8
Let x(w) = w**3 + 37*w**2 - 277*w - 10242. Give x(-37).
7
Let v(i) = -3*i**3 - 29*i**2 - 13*i + 50. Give v(-9).
5
Let h(j) = -17*j - 1027. Give h(-44).
-279
Let j(q) = -5801*q - 40614. Determine j(-7).
-7
Let x(d) = -26*d**2 - 133*d + 5. Determine x(-6).
-133
Let a(s) = 120*s + 1322. What is a(-11)?
2
Let c(b) = b**2 - 233*b - 2685. Calculate c(-11).
-1
Let m(c) = c**2 + 23*c + 88. What is m(-19)?
12
Let x(j) = 45*j - 1990. Give x(44).
-10
Let p(m) = -m**3 - 14*m**2 + 5*m. Determine p(-12).
-348
Let m(o) = 121*o + 4375. Determine m(-36).
19
Let j(o) = -o**3 - 78*o**2 + 506*o - 17. Determine j(6).
-5
Let t(r) = -r**3 + 17*r**2 + 20*r - 70. Determine t(5).
330
Let w(m) = 2*m**2 + 36*m - 40. Determine w(-17).
-74
Let k(d) = -77*d + 6312. Give k(82).
-2
Let i(n) = -n**3 - 23*n**2 - 97*n - 130. Calculate i(-18).
-4
Let j(x) = -489*x + 4873. What is j(10)?
-17
Let n(u) = -2*u**3 - 34*u**2 + 11*u + 67. Determine n(-17).
-120
Let o(u) = -27*u - 32. Calculate o(0).
-32
Let h(w) = 4340*w + 125876. Calculate h(-29).
16
Let l(c) = -42*c + 84. Determine l(6).
-168
Let p(o) = -o**2 - 82*o - 626. Calculate p(-74).
-34
Let k(i) = 14*i**2 - 76*i + 11. Give k(5).
-19
Let a(m) = 2*m**3 + m**2 + 53. Determine a(0).
53
Let j(t) = 35*t - 83. Calculate j(13).
372
Let b(a) = -16*a**3 - 62*a**2 + 12*a - 6. What is b(-4)?
-22
Let s(y) = 3*y**3 - 7*y**2 - 4*y + 5. Calculate s(-2).
-39
Let s(z) = -3*z**3 + 9*z**2 + z - 5. What is s(3)?
-2
Let i(c) = -c**3 + 6*c**2 - 13*c + 7. Calculate i(5).
-33
Let h(p) = -p**3 - 4*p**2 + 117*p + 354. Give h(-3).
-6
Let a(x) = x + 322. Calculate a(-29).
293
Let t(u) = -2*u**3 + 173*u**2 + 62*u + 2165. Determine t(87).
-10
Let t(x) = 47*x - 92. Determine t(2).
2
Let k(c) = c**2 - 357*c - 9965. Determine k(-26).
-7
Let p(h) = h**3 - 41*h**2 - 59*h + 133. Calculate p(42).
-581
Let z(n) = -4*n**3 + 53*n**2 - 10*n - 20. Calculate z(13).
19
Let l(s) = -s**2 + 6*s - 2. What is l(6)?
-2
Let v(y) = y**2 - 36*y - 402. What is v(41)?
-197
Let u(y) = 2*y**2 - 403*y